s of 4228763523.
3, 53, 491, 54167
What are the prime factors of 43512667?
11, 83, 47659
List the prime factors of 63496456.
2, 7937057
What are the prime factors of 52699286?
2, 17, 601, 2579
What are the prime factors of 249340979?
249340979
List the prime factors of 221086552.
2, 27635819
What are the prime factors of 55229917?
55229917
What are the prime factors of 41858121?
3, 19, 71, 10343
List the prime factors of 4449111.
3, 461, 3217
List the prime factors of 597130606.
2, 173, 1725811
List the prime factors of 1242437701.
251, 4949951
List the prime factors of 2254965638.
2, 19, 59341201
List the prime factors of 109922229.
3, 3457, 3533
What are the prime factors of 793303148?
2, 11, 79, 228223
List the prime factors of 664312694.
2, 19, 163, 107251
What are the prime factors of 109823939?
109823939
List the prime factors of 168136361.
601, 279761
List the prime factors of 27300938.
2, 7, 278581
What are the prime factors of 791706971?
11, 137, 525353
What are the prime factors of 2894004331?
5701, 507631
What are the prime factors of 40040073?
3, 277, 16061
List the prime factors of 2772618593.
2772618593
What are the prime factors of 374244911?
89, 4204999
What are the prime factors of 1255093025?
5, 41, 1224481
List the prime factors of 318536231.
13, 3251, 7537
What are the prime factors of 148965298?
2, 53, 1405333
List the prime factors of 1333440883.
17, 571, 137369
List the prime factors of 41407126.
2, 20703563
List the prime factors of 51502862.
2, 2371, 10861
List the prime factors of 45877835.
5, 83, 227, 487
List the prime factors of 302760595.
5, 487, 124337
List the prime factors of 851642856.
2, 3, 641, 6151
List the prime factors of 257776400.
2, 5, 7, 43, 2141
What are the prime factors of 160625833?
83, 1935251
List the prime factors of 11119122.
2, 3, 7, 17, 29, 179
List the prime factors of 43430409.
3, 11, 19, 2099
What are the prime factors of 1283558782?
2, 11, 31, 1882051
What are the prime factors of 51468320?
2, 5, 271, 1187
What are the prime factors of 61908901?
487, 127123
What are the prime factors of 62247445?
5, 13, 43, 22271
List the prime factors of 8176263658.
2, 433, 9441413
What are the prime factors of 234975380?
2, 5, 11748769
List the prime factors of 2447685806.
2, 17, 23, 181, 17293
What are the prime factors of 1122812581?
11, 19, 5372309
What are the prime factors of 1871859625?
5, 14974877
What are the prime factors of 610337962?
2, 13, 73, 321569
List the prime factors of 265685785.
5, 727, 73091
What are the prime factors of 507193868?
2, 126798467
What are the prime factors of 328187896?
2, 29, 139, 10177
List the prime factors of 314016029.
109, 2880881
What are the prime factors of 118374702?
2, 3, 19729117
List the prime factors of 130890680.
2, 5, 31, 105557
What are the prime factors of 21044965?
5, 1367, 3079
What are the prime factors of 977257503?
3, 108584167
What are the prime factors of 971452726?
2, 17, 28572139
What are the prime factors of 2827367433?
3, 11, 43, 499
What are the prime factors of 13405650?
2, 3, 5, 89371
What are the prime factors of 39072849?
3, 1489, 8747
List the prime factors of 248532138.
2, 3, 373, 457
List the prime factors of 231386917.
89, 1091, 2383
List the prime factors of 198872483.
53, 181, 20731
List the prime factors of 454654198.
2, 227327099
List the prime factors of 8898414.
2, 3, 7, 211867
What are the prime factors of 55288502?
2, 27644251
What are the prime factors of 194377031?
17, 199, 57457
List the prime factors of 363618823.
601, 605023
List the prime factors of 834968342.
2, 13, 191, 383, 439
List the prime factors of 24661314.
2, 3, 37, 12343
What are the prime factors of 1751002319?
11, 37, 683, 6299
List the prime factors of 48021070.
2, 5, 4802107
What are the prime factors of 19964594?
2, 13, 767869
List the prime factors of 389486633.
7001, 55633
What are the prime factors of 1757751254?
2, 7, 53, 2368937
What are the prime factors of 14686581?
3, 7, 13, 23, 2339
List the prime factors of 2082661503.
3, 13, 863, 61879
List the prime factors of 5136809625.
3, 5, 4566053
List the prime factors of 530882773.
43, 12346111
What are the prime factors of 605260202?
2, 302630101
What are the prime factors of 271234560?
2, 3, 5, 35317
What are the prime factors of 2776467078?
2, 3, 7, 11, 667741
List the prime factors of 654937623.
3, 1093, 22193
List the prime factors of 495849768.
2, 3, 53, 389819
List the prime factors of 496523707.
139, 3572113
List the prime factors of 392994282.
2, 3, 65499047
List the prime factors of 207100577.
151, 1069, 1283
List the prime factors of 14312275.
5, 572491
List the prime factors of 2514006990.
2, 3, 5, 11, 509, 1663
What are the prime factors of 154206487?
154206487
List the prime factors of 33358797.
3, 137279
What are the prime factors of 322399361?
3539, 91099
What are the prime factors of 199537114?
2, 7, 43, 47351
List the prime factors of 6540728552.
2, 817591069
What are the prime factors of 192707582?
2, 3607, 26713
What are the prime factors of 410758339?
31, 13250269
What are the prime factors of 389406824?
2, 19, 383, 6689
What are the prime factors of 2370346322?
2, 1185173161
What are the prime factors of 36077108?
2, 61, 199, 743
What are the prime factors of 5592902926?
2, 13, 215111651
What are the prime factors of 149867663?
11, 13624333
List the prime factors of 1287575631.
3, 17, 163, 3037
What are the prime factors of 305783112?
2, 3, 19, 670577
What are the prime factors of 1014295017?
3, 338098339
List the prime factors of 42703198.
2, 1123, 19013
List the prime factors of 397093.
397093
List the prime factors of 56871332.
2, 7, 19, 53, 2017
What are the prime factors of 20729166?
2, 3, 3454861
List the prime factors of 45444830.
2, 5, 1933, 2351
List the prime factors of 247985942.
2, 123992971
List the prime factors of 2958941940.
2, 3, 5, 31, 1590829
What are the prime factors of 280103017?
643, 435619
What are the prime factors of 395961605?
5, 13, 31, 37, 47, 113
What are the prime factors of 8320307?
31, 239, 1123
List the prime factors of 20353996.
2, 13, 37, 71, 149
List the prime factors of 382903540.
2, 5, 23, 832399
List the prime factors of 21912705.
3, 5, 486949
List the prime factors of 32961032.
2, 13, 557, 569
What are the prime factors of 847668188?
2, 67, 3162941
List the prime factors of 306086764.
2, 29, 79, 127, 263
List the prime factors of 712560391.
712560391
What are the prime factors of 391972023?
3, 227, 191861
List the prime factors of 86837785.
5, 17, 1021621
What are the prime factors of 618506073?
3, 1637, 41981
List the prime factors of 680041674.
2, 3, 13, 2906161
What are the prime factors of 65307469?
65307469
List the prime factors of 4249744.
2, 151, 1759
List the prime factors of 3482947582.
2, 1741473791
What are the prime factors of 1792210394?
2, 13, 1609, 42841
What are the prime factors of 347038194?
2, 3, 57839699
What are the prime factors of 308507708?
2, 77126927
List the prime factors of 1870890182.
2, 7, 43, 89, 34919
What are the prime factors of 37186845?
3, 5, 29, 85487
What are the prime factors of 801550900?
2, 5, 8015509
List the prime factors of 2094382130.
2, 5, 209438213
List the prime factors of 583636142.
2, 59, 461, 10729
List the prime factors of 4119180357.
3, 83, 127, 130259
What are the prime factors of 52359620?
2, 5, 31, 79, 1069
List the prime factors of 63164479.
7, 184153
What are the prime factors of 3003984915?
3, 5, 17, 367, 32099
List the prime factors of 197326588.
2, 1109, 44483
What are the prime factors of 216483978?
2, 3, 373, 96731
List the prime factors of 205843328.
2, 157, 10243
What are the prime factors of 930236622?
2, 3, 7, 251, 88241
List the prime factors of 1706173208.
2, 107, 1993193
List the prime factors of 1390270168.
2, 7, 157, 158129
What are the prime factors of 1460547042?
2, 3, 97, 2509531
List the prime factors of 571946406.
2, 3, 3391, 28111
List the prime factors of 298689080.
2, 5, 587, 12721
What are the prime factors of 83687783?
59, 269, 5273
What are the prime factors of 449122049?
449122049
What are the prime factors of 4312693389?
3, 1437564463
List the prime factors of 2540619880.
2, 5, 31, 2048887
What are the prime factors of 32693228?
2, 71, 115117
List